{"id":232178,"date":"2025-01-30T12:50:50","date_gmt":"2025-01-30T11:50:50","guid":{"rendered":"https:\/\/www.secondastrada.com\/it\/cappotto-desigual-nero-con-ricamo\/"},"modified":"2026-01-29T12:29:51","modified_gmt":"2026-01-29T11:29:51","slug":"cappotto-desigual-nero-con-ricamo","status":"publish","type":"product","link":"https:\/\/www.secondastrada.com\/it\/cappotto-desigual-nero-con-ricamo\/","title":{"rendered":"Cappotto Desigual nero con ricamo"},"content":{"rendered":"<p><b>COMPOSIZIONE E VESTIBILIT\u00c0:<\/b><br \/>100% poliestere<br \/>La modella \u00e8 alta 170 cm e indossa la taglia U. La vestibilit\u00e0 del capo \u00e8 regolare.<br \/><b>CONSIGLI DI STILE:<\/b><br \/>Cappotto modello mantella su base nera con ricami floreali in varie tonalit\u00e0 tenui. La vestibilit\u00e0 \u00e8 morbida e pratica grazie a zip sul fronte ma anche anche regolabile grazie a cintura in fake pelle nera. Il cappotto \u00e8 adatto per occasioni casual e facilmente combinabile con ogni tipo di outfit. Dai un tocco di originalit\u00e0 ai tuoi look.<br \/>Cod. art. 23WAIA02<br \/>Vi ricordiamo che tutti i nostri articoli sono originali.<br \/><b>MISURE:<\/b><br \/> Misure taglia U: <br \/>&#8211; Spalle (da cucitura a cucitura): 40 cm <br \/>&#8211; Lunghezza (da sotto ascella fino al fondo): 80 cm <\/p>\n","protected":false},"excerpt":{"rendered":"<p>COMPOSIZIONE E VESTIBILIT\u00c0:100% poliestereLa modella \u00e8 alta 170 cm e indossa la taglia U. La vestibilit\u00e0 del capo \u00e8 regolare.CONSIGLI DI STILE:Cappotto modello mantella su base nera con ricami floreali in varie tonalit\u00e0 tenui. La vestibilit\u00e0 \u00e8 morbida e pratica grazie a zip sul fronte ma anche anche regolabile grazie a cintura in fake pelle&#8230;<\/p>\n","protected":false},"featured_media":0,"template":"","meta":{"inline_featured_image":false},"ss_brand":[1217],"ss_promo":[2181],"ss_season":[2005],"product_cat":[1329,1473,1596,1658],"product_tag":[],"class_list":{"0":"post-232178","1":"product","2":"type-product","3":"status-publish","5":"ss_brand-desigual-donna","6":"ss_promo-ultime-occasioni-donna","7":"ss_season-ai23","8":"product_cat-abbigliamento-donna","9":"product_cat-cappotti-da-donna","10":"product_cat-cappotti-corti-da-donna","11":"product_cat-collezione-donna","13":"first","14":"outofstock","15":"shipping-taxable","16":"product-type-variable","17":"has-default-attributes"},"acf":{"ss_brand":[{"term_id":1217,"name":"DESIGUAL","slug":"desigual-donna","term_group":0,"term_taxonomy_id":1217,"taxonomy":"ss_brand","description":"Immergiti nel mondo camaleontico, insolito e dalle tinte forte di questo eccentrico brand e non perdere tutti i modelli a prezzi esclusivi che abbiamo selezionato per te!\u00a0Acquista online su SecondaStrada.com<strong> abbigliamento da donna Desigual scontatissim<\/strong>o!","parent":1201,"count":394,"filter":"raw"}],"ss_promo":[2181],"ss_season":[{"term_id":2005,"name":"AI23","slug":"ai23","term_group":0,"term_taxonomy_id":2005,"taxonomy":"ss_season","description":"","parent":0,"count":601,"filter":"raw"}],"ss_old_price":"0,00","ss_omnibus_price":"0,00","ss_style_advice":"<p><b>COMPOSIZIONE E VESTIBILIT\u00c0:<\/b><br \/>100% poliestere<br \/>La modella \u00e8 alta 170 cm e indossa la taglia U. La vestibilit\u00e0 del capo \u00e8 regolare.<br \/><b>CONSIGLI DI STILE:<\/b><br \/>Cappotto modello mantella su base nera con ricami floreali in varie tonalit\u00e0 tenui. La vestibilit\u00e0 \u00e8 morbida e pratica grazie a zip sul fronte ma anche anche regolabile grazie a cintura in fake pelle nera. Il cappotto \u00e8 adatto per occasioni casual e facilmente combinabile con ogni tipo di outfit. Dai un tocco di originalit\u00e0 ai tuoi look.<br \/>Cod. art. 23WAIA02<br \/>Vi ricordiamo che tutti i nostri articoli sono originali.<br \/><b>MISURE:<\/b><br \/> Misure taglia U: <br \/>&#8211; Spalle (da cucitura a cucitura): 40 cm <br \/>&#8211; Lunghezza (da sotto ascella fino al fondo): 80 cm <\/p>\n","ss_composition":"<p>100% poliestere<\/p>\n","ss_fit":"<p>Cappotto DESIGUAL<\/p>\n"},"yoast_head":"<!-- This site is optimized with the Yoast SEO plugin v22.3 - https:\/\/yoast.com\/wordpress\/plugins\/seo\/ -->\n<title>Cappotto Desigual nero con ricamo - Acquista online! - Seconda Strada<\/title>\n<meta name=\"description\" content=\"Cappotto Desigual nero con ricamo \u27a4 Acquista online su Secondastrada.com Cappotto Desigual nero con ricamo \u2714\ufe0f Spedizione veloce entro 24h in tutta Italia \u2714\ufe0f Sconto sul tuo primo acquisto\" \/>\n<meta name=\"robots\" content=\"index, follow, max-snippet:-1, max-image-preview:large, max-video-preview:-1\" \/>\n<link rel=\"canonical\" href=\"https:\/\/www.secondastrada.com\/it\/cappotto-desigual-nero-con-ricamo\/\" \/>\n<meta property=\"og:locale\" content=\"it_IT\" \/>\n<meta property=\"og:type\" content=\"article\" \/>\n<meta property=\"og:title\" content=\"Cappotto Desigual nero con ricamo - Acquista online! - Seconda Strada\" \/>\n<meta property=\"og:description\" content=\"Cappotto Desigual nero con ricamo \u27a4 Acquista online su Secondastrada.com Cappotto Desigual nero con ricamo \u2714\ufe0f Spedizione veloce entro 24h in tutta Italia \u2714\ufe0f Sconto sul tuo primo acquisto\" \/>\n<meta property=\"og:url\" content=\"https:\/\/www.secondastrada.com\/it\/cappotto-desigual-nero-con-ricamo\/\" \/>\n<meta property=\"og:site_name\" content=\"Seconda Strada\" \/>\n<meta property=\"article:modified_time\" content=\"2026-01-29T11:29:51+00:00\" \/>\n<meta name=\"twitter:card\" content=\"summary_large_image\" \/>\n<meta name=\"twitter:label1\" content=\"Tempo di lettura stimato\" \/>\n\t<meta name=\"twitter:data1\" content=\"1 minuto\" \/>\n<!-- \/ Yoast SEO plugin. -->","yoast_head_json":{"title":"Cappotto Desigual nero con ricamo - Acquista online! - Seconda Strada","description":"Cappotto Desigual nero con ricamo \u27a4 Acquista online su Secondastrada.com Cappotto Desigual nero con ricamo \u2714\ufe0f Spedizione veloce entro 24h in tutta Italia \u2714\ufe0f Sconto sul tuo primo acquisto","robots":{"index":"index","follow":"follow","max-snippet":"max-snippet:-1","max-image-preview":"max-image-preview:large","max-video-preview":"max-video-preview:-1"},"canonical":"https:\/\/www.secondastrada.com\/it\/cappotto-desigual-nero-con-ricamo\/","og_locale":"it_IT","og_type":"article","og_title":"Cappotto Desigual nero con ricamo - Acquista online! - Seconda Strada","og_description":"Cappotto Desigual nero con ricamo \u27a4 Acquista online su Secondastrada.com Cappotto Desigual nero con ricamo \u2714\ufe0f Spedizione veloce entro 24h in tutta Italia \u2714\ufe0f Sconto sul tuo primo acquisto","og_url":"https:\/\/www.secondastrada.com\/it\/cappotto-desigual-nero-con-ricamo\/","og_site_name":"Seconda Strada","article_modified_time":"2026-01-29T11:29:51+00:00","twitter_card":"summary_large_image","twitter_misc":{"Tempo di lettura stimato":"1 minuto"},"schema":{"@context":"https:\/\/schema.org","@graph":[{"@type":"WebPage","@id":"https:\/\/www.secondastrada.com\/it\/cappotto-desigual-nero-con-ricamo\/","url":"https:\/\/www.secondastrada.com\/it\/cappotto-desigual-nero-con-ricamo\/","name":"Cappotto Desigual nero con ricamo - Acquista online! - Seconda Strada","isPartOf":{"@id":"https:\/\/www.secondastrada.com\/it\/#website"},"datePublished":"2025-01-30T11:50:50+00:00","dateModified":"2026-01-29T11:29:51+00:00","description":"Cappotto Desigual nero con ricamo \u27a4 Acquista online su Secondastrada.com Cappotto Desigual nero con ricamo \u2714\ufe0f Spedizione veloce entro 24h in tutta Italia \u2714\ufe0f Sconto sul tuo primo acquisto","breadcrumb":{"@id":"https:\/\/www.secondastrada.com\/it\/cappotto-desigual-nero-con-ricamo\/#breadcrumb"},"inLanguage":"it-IT","potentialAction":[{"@type":"ReadAction","target":["https:\/\/www.secondastrada.com\/it\/cappotto-desigual-nero-con-ricamo\/"]}]},{"@type":"BreadcrumbList","@id":"https:\/\/www.secondastrada.com\/it\/cappotto-desigual-nero-con-ricamo\/#breadcrumb","itemListElement":[{"@type":"ListItem","position":1,"name":"Home","item":"https:\/\/www.secondastrada.com\/it\/"},{"@type":"ListItem","position":2,"name":"Shop","item":"https:\/\/www.secondastrada.com\/it\/shop\/"},{"@type":"ListItem","position":3,"name":"Cappotto Desigual nero con ricamo"}]},{"@type":"WebSite","@id":"https:\/\/www.secondastrada.com\/it\/#website","url":"https:\/\/www.secondastrada.com\/it\/","name":"Seconda Strada","description":"","publisher":{"@id":"https:\/\/www.secondastrada.com\/it\/#organization"},"potentialAction":[{"@type":"SearchAction","target":{"@type":"EntryPoint","urlTemplate":"https:\/\/www.secondastrada.com\/it\/?s={search_term_string}"},"query-input":"required name=search_term_string"}],"inLanguage":"it-IT"},{"@type":"Organization","@id":"https:\/\/www.secondastrada.com\/it\/#organization","name":"Seconda Strada","url":"https:\/\/www.secondastrada.com\/it\/","logo":{"@type":"ImageObject","inLanguage":"it-IT","@id":"https:\/\/www.secondastrada.com\/it\/#\/schema\/logo\/image\/","url":"https:\/\/www.secondastrada.com\/wp-content\/uploads\/2023\/11\/secondastrada-logo.svg","contentUrl":"https:\/\/www.secondastrada.com\/wp-content\/uploads\/2023\/11\/secondastrada-logo.svg","width":353,"height":47,"caption":"Seconda Strada"},"image":{"@id":"https:\/\/www.secondastrada.com\/it\/#\/schema\/logo\/image\/"}}]}},"df_price":"","df_sale_price":"","df_regular_price":"","df_image_link":"https:\/\/www.secondastrada.com\/wp-content\/uploads\/2024\/03\/placeholder-ss.webp","_links":{"self":[{"href":"https:\/\/www.secondastrada.com\/it\/wp-json\/wp\/v2\/product\/232178"}],"collection":[{"href":"https:\/\/www.secondastrada.com\/it\/wp-json\/wp\/v2\/product"}],"about":[{"href":"https:\/\/www.secondastrada.com\/it\/wp-json\/wp\/v2\/types\/product"}],"wp:attachment":[{"href":"https:\/\/www.secondastrada.com\/it\/wp-json\/wp\/v2\/media?parent=232178"}],"wp:term":[{"taxonomy":"ss_brand","embeddable":true,"href":"https:\/\/www.secondastrada.com\/it\/wp-json\/wp\/v2\/ss_brand?post=232178"},{"taxonomy":"ss_promo","embeddable":true,"href":"https:\/\/www.secondastrada.com\/it\/wp-json\/wp\/v2\/ss_promo?post=232178"},{"taxonomy":"ss_season","embeddable":true,"href":"https:\/\/www.secondastrada.com\/it\/wp-json\/wp\/v2\/ss_season?post=232178"},{"taxonomy":"product_cat","embeddable":true,"href":"https:\/\/www.secondastrada.com\/it\/wp-json\/wp\/v2\/product_cat?post=232178"},{"taxonomy":"product_tag","embeddable":true,"href":"https:\/\/www.secondastrada.com\/it\/wp-json\/wp\/v2\/product_tag?post=232178"}],"curies":[{"name":"wp","href":"https:\/\/api.w.org\/{rel}","templated":true}]}}

<p><b>COMPOSIZIONE E VESTIBILITÀ:</b><br />100% poliestere<br />La modella è alta 170 cm e indossa la taglia U. La vestibilità del capo è regolare.<br /><b>CONSIGLI DI STILE:</b><br />Cappotto modello mantella su base nera con ricami floreali in varie tonalità tenui. La vestibilità è morbida e pratica grazie a zip sul fronte ma anche anche regolabile grazie a cintura in fake pelle nera. Il cappotto è adatto per occasioni casual e facilmente combinabile con ogni tipo di outfit. Dai un tocco di originalità ai tuoi look.<br />Cod. art. 23WAIA02<br />Vi ricordiamo che tutti i nostri articoli sono originali.<br /><b>MISURE:</b><br /> Misure taglia U: <br />&#8211; Spalle (da cucitura a cucitura): 40 cm <br />&#8211; Lunghezza (da sotto ascella fino al fondo): 80 cm </p>

<p>COMPOSIZIONE E VESTIBILITÀ:100% poliestereLa modella è alta 170 cm e indossa la taglia U. La vestibilità del capo è regolare.CONSIGLI DI STILE:Cappotto modello mantella su base nera con ricami floreali in varie tonalità tenui. La vestibilità è morbida e pratica grazie a zip sul fronte ma anche anche regolabile grazie a cintura in fake pelle&#8230;</p>
