{"id":7916,"date":"2024-03-23T01:16:12","date_gmt":"2024-03-23T00:16:12","guid":{"rendered":"http:\/\/secondastrada.com\/jeans-fracomina-blu-denim-con-glitter\/"},"modified":"2026-01-29T19:47:49","modified_gmt":"2026-01-29T18:47:49","slug":"jeans-fracomina-blu-denim-con-glitter","status":"publish","type":"product","link":"https:\/\/www.secondastrada.com\/it\/jeans-fracomina-blu-denim-con-glitter\/","title":{"rendered":"Jeans Fracomina blu denim con glitter"},"content":{"rendered":"<p><b>COMPOSIZIONE E VESTIBILIT\u00c0:<\/b><br \/>93% cotone 5% poliestere 2% spandex<br \/>La modella \u00e8 alta 170 cm e indossa la taglia 40\/42. La vestibilit\u00e0 del capo \u00e8 regolare.<br \/><b>CONSIGLI DI STILE:<\/b><br \/>Il jeans si sviluppa in total blu denim  e presenta tasche sagomate sul fronte e tasche a toppa sul retro. Ulteriore dettaglio \u00e8 rappresentato da piccoli glitter argentati o ricamati in versione allover su tutto il capo. La vestibilit\u00e0 \u00e8 morbida e pratica grazie a bottone ad asola pi\u00f9 zip. Il capo \u00e8 ideale per occasioni casual e per outift di giorno e di sera. Il jeans \u00e8 una certezza: indossalo per non sbagliare mai.<br \/>Cod. art. FR19FPJBETTY9 sr<br \/>Vi ricordiamo che tutti i nostri articoli sono originali.<br \/><b>MISURE:<\/b><br \/> Misure taglia 27 US corrispondente alla taglia 40\/42: <br \/>-Vita (da cucitura a cucitura): 35 cm <br \/>&#8211; Gamba (da cucitura della vita fino al fondo): 82 cm<\/p>\n","protected":false},"excerpt":{"rendered":"<p>COMPOSIZIONE E VESTIBILIT\u00c0:93% cotone 5% poliestere 2% spandexLa modella \u00e8 alta 170 cm e indossa la taglia 40\/42. La vestibilit\u00e0 del capo \u00e8 regolare.CONSIGLI DI STILE:Il jeans si sviluppa in total blu denim e presenta tasche sagomate sul fronte e tasche a toppa sul retro. Ulteriore dettaglio \u00e8 rappresentato da piccoli glitter argentati o ricamati&#8230;<\/p>\n","protected":false},"featured_media":34616,"template":"","meta":{"inline_featured_image":false},"ss_brand":[1205],"ss_promo":[2181],"ss_season":[1708],"product_cat":[1329,1658,1338],"product_tag":[1768],"class_list":{"0":"post-7916","1":"product","2":"type-product","3":"status-publish","4":"has-post-thumbnail","6":"ss_brand-fracomina-donna","7":"ss_promo-ultime-occasioni-donna","8":"ss_season-pe23","9":"product_cat-abbigliamento-donna","10":"product_cat-collezione-donna","11":"product_cat-jeans-da-donna","12":"product_tag-jeans-fracomina-donna","14":"first","15":"outofstock","16":"sold-individually","17":"shipping-taxable","18":"product-type-variable","19":"has-default-attributes"},"acf":{"ss_brand":[{"term_id":1205,"name":"FRACOMINA","slug":"fracomina-donna","term_group":0,"term_taxonomy_id":1205,"taxonomy":"ss_brand","description":"Regalati una giusta dose di charme con Fracomina: scopri la collezione di abbigliamento 100% Made in Italy e non perdere le offerte della nostra esclusiva boutique online!\u00a0Acquista online su SecondaStrada.com <strong>abbigliamento da donna Fracomina scontatissimo<\/strong>!","parent":1201,"count":296,"filter":"raw"}],"ss_promo":[2181],"ss_season":[{"term_id":1708,"name":"PE23","slug":"pe23","term_group":0,"term_taxonomy_id":1708,"taxonomy":"ss_season","description":"","parent":0,"count":503,"filter":"raw"}],"ss_old_price":"114,90","ss_omnibus_price":"0,00","ss_style_advice":"<p><b>COMPOSIZIONE E VESTIBILIT\u00c0:<\/b><br \/>93% cotone 5% poliestere 2% spandex<br \/>La modella \u00e8 alta 170 cm e indossa la taglia 40\/42. La vestibilit\u00e0 del capo \u00e8 regolare.<br \/><b>CONSIGLI DI STILE:<\/b><br \/>Il jeans si sviluppa in total blu denim  e presenta tasche sagomate sul fronte e tasche a toppa sul retro. Ulteriore dettaglio \u00e8 rappresentato da piccoli glitter argentati o ricamati in versione allover su tutto il capo. La vestibilit\u00e0 \u00e8 morbida e pratica grazie a bottone ad asola pi\u00f9 zip. Il capo \u00e8 ideale per occasioni casual e per outift di giorno e di sera. Il jeans \u00e8 una certezza: indossalo per non sbagliare mai.<br \/>Cod. art. FR19FPJBETTY9 sr<br \/>Vi ricordiamo che tutti i nostri articoli sono originali.<br \/><b>MISURE:<\/b><br \/> Misure taglia 27 US corrispondente alla taglia 40\/42: <br \/>-Vita (da cucitura a cucitura): 35 cm <br \/>&#8211; Gamba (da cucitura della vita fino al fondo): 82 cm<\/p>\n","ss_composition":"<p>93% cotone 5% poliestere 2% spandex<\/p>\n","ss_fit":"<p>Jeans FRACOMINA<\/p>\n"},"yoast_head":"<!-- This site is optimized with the Yoast SEO plugin v22.3 - https:\/\/yoast.com\/wordpress\/plugins\/seo\/ -->\n<title>Jeans Fracomina blu denim con glitter - Acquista online! - Seconda Strada<\/title>\n<meta name=\"description\" content=\"Jeans Fracomina blu denim con glitter \u27a4 Acquista online su Secondastrada.com Jeans Fracomina blu denim con glitter \u2714\ufe0f Spedizione veloce entro 24h in tutta Italia \u2714\ufe0f Sconto sul tuo primo acquisto\" \/>\n<meta name=\"robots\" content=\"index, follow, max-snippet:-1, max-image-preview:large, max-video-preview:-1\" \/>\n<link rel=\"canonical\" href=\"https:\/\/www.secondastrada.com\/it\/jeans-fracomina-blu-denim-con-glitter\/\" \/>\n<meta property=\"og:locale\" content=\"it_IT\" \/>\n<meta property=\"og:type\" content=\"article\" \/>\n<meta property=\"og:title\" content=\"Jeans Fracomina blu denim con glitter - Acquista online! - Seconda Strada\" \/>\n<meta property=\"og:description\" content=\"Jeans Fracomina blu denim con glitter \u27a4 Acquista online su Secondastrada.com Jeans Fracomina blu denim con glitter \u2714\ufe0f Spedizione veloce entro 24h in tutta Italia \u2714\ufe0f Sconto sul tuo primo acquisto\" \/>\n<meta property=\"og:url\" content=\"https:\/\/www.secondastrada.com\/it\/jeans-fracomina-blu-denim-con-glitter\/\" \/>\n<meta property=\"og:site_name\" content=\"Seconda Strada\" \/>\n<meta property=\"article:modified_time\" content=\"2026-01-29T18:47:49+00:00\" \/>\n<meta property=\"og:image\" content=\"https:\/\/www.secondastrada.com\/wp-content\/uploads\/2024\/03\/FR19FPJBETTY9-sr_117_PE23_1.jpg\" \/>\n\t<meta property=\"og:image:width\" content=\"1000\" \/>\n\t<meta property=\"og:image:height\" content=\"1500\" \/>\n\t<meta property=\"og:image:type\" content=\"image\/jpeg\" \/>\n<meta name=\"twitter:card\" content=\"summary_large_image\" \/>\n<meta name=\"twitter:label1\" content=\"Tempo di lettura stimato\" \/>\n\t<meta name=\"twitter:data1\" content=\"1 minuto\" \/>\n<!-- \/ Yoast SEO plugin. -->","yoast_head_json":{"title":"Jeans Fracomina blu denim con glitter - Acquista online! - Seconda Strada","description":"Jeans Fracomina blu denim con glitter \u27a4 Acquista online su Secondastrada.com Jeans Fracomina blu denim con glitter \u2714\ufe0f Spedizione veloce entro 24h in tutta Italia \u2714\ufe0f Sconto sul tuo primo acquisto","robots":{"index":"index","follow":"follow","max-snippet":"max-snippet:-1","max-image-preview":"max-image-preview:large","max-video-preview":"max-video-preview:-1"},"canonical":"https:\/\/www.secondastrada.com\/it\/jeans-fracomina-blu-denim-con-glitter\/","og_locale":"it_IT","og_type":"article","og_title":"Jeans Fracomina blu denim con glitter - Acquista online! - Seconda Strada","og_description":"Jeans Fracomina blu denim con glitter \u27a4 Acquista online su Secondastrada.com Jeans Fracomina blu denim con glitter \u2714\ufe0f Spedizione veloce entro 24h in tutta Italia \u2714\ufe0f Sconto sul tuo primo acquisto","og_url":"https:\/\/www.secondastrada.com\/it\/jeans-fracomina-blu-denim-con-glitter\/","og_site_name":"Seconda Strada","article_modified_time":"2026-01-29T18:47:49+00:00","og_image":[{"width":1000,"height":1500,"url":"https:\/\/www.secondastrada.com\/wp-content\/uploads\/2024\/03\/FR19FPJBETTY9-sr_117_PE23_1.jpg","type":"image\/jpeg"}],"twitter_card":"summary_large_image","twitter_misc":{"Tempo di lettura stimato":"1 minuto"},"schema":{"@context":"https:\/\/schema.org","@graph":[{"@type":"WebPage","@id":"https:\/\/www.secondastrada.com\/it\/jeans-fracomina-blu-denim-con-glitter\/","url":"https:\/\/www.secondastrada.com\/it\/jeans-fracomina-blu-denim-con-glitter\/","name":"Jeans Fracomina blu denim con glitter - Acquista online! - Seconda Strada","isPartOf":{"@id":"https:\/\/www.secondastrada.com\/it\/#website"},"primaryImageOfPage":{"@id":"https:\/\/www.secondastrada.com\/it\/jeans-fracomina-blu-denim-con-glitter\/#primaryimage"},"image":{"@id":"https:\/\/www.secondastrada.com\/it\/jeans-fracomina-blu-denim-con-glitter\/#primaryimage"},"thumbnailUrl":"https:\/\/www.secondastrada.com\/wp-content\/uploads\/2024\/03\/FR19FPJBETTY9-sr_117_PE23_1.jpg","datePublished":"2024-03-23T00:16:12+00:00","dateModified":"2026-01-29T18:47:49+00:00","description":"Jeans Fracomina blu denim con glitter \u27a4 Acquista online su Secondastrada.com Jeans Fracomina blu denim con glitter \u2714\ufe0f Spedizione veloce entro 24h in tutta Italia \u2714\ufe0f Sconto sul tuo primo acquisto","breadcrumb":{"@id":"https:\/\/www.secondastrada.com\/it\/jeans-fracomina-blu-denim-con-glitter\/#breadcrumb"},"inLanguage":"it-IT","potentialAction":[{"@type":"ReadAction","target":["https:\/\/www.secondastrada.com\/it\/jeans-fracomina-blu-denim-con-glitter\/"]}]},{"@type":"ImageObject","inLanguage":"it-IT","@id":"https:\/\/www.secondastrada.com\/it\/jeans-fracomina-blu-denim-con-glitter\/#primaryimage","url":"https:\/\/www.secondastrada.com\/wp-content\/uploads\/2024\/03\/FR19FPJBETTY9-sr_117_PE23_1.jpg","contentUrl":"https:\/\/www.secondastrada.com\/wp-content\/uploads\/2024\/03\/FR19FPJBETTY9-sr_117_PE23_1.jpg","width":1000,"height":1500,"caption":"FR19FPJBETTY9-sr_117_PE23"},{"@type":"BreadcrumbList","@id":"https:\/\/www.secondastrada.com\/it\/jeans-fracomina-blu-denim-con-glitter\/#breadcrumb","itemListElement":[{"@type":"ListItem","position":1,"name":"Home","item":"https:\/\/www.secondastrada.com\/it\/"},{"@type":"ListItem","position":2,"name":"Shop","item":"https:\/\/www.secondastrada.com\/it\/shop\/"},{"@type":"ListItem","position":3,"name":"Donna","item":"https:\/\/www.secondastrada.com\/it\/collezione-donna\/"},{"@type":"ListItem","position":4,"name":"Abbigliamento","item":"https:\/\/www.secondastrada.com\/it\/collezione-donna\/abbigliamento-donna\/"},{"@type":"ListItem","position":5,"name":"Jeans","item":"https:\/\/www.secondastrada.com\/it\/collezione-donna\/abbigliamento-donna\/jeans-da-donna\/"},{"@type":"ListItem","position":6,"name":"Jeans Fracomina blu denim con glitter"}]},{"@type":"WebSite","@id":"https:\/\/www.secondastrada.com\/it\/#website","url":"https:\/\/www.secondastrada.com\/it\/","name":"Seconda Strada","description":"","publisher":{"@id":"https:\/\/www.secondastrada.com\/it\/#organization"},"potentialAction":[{"@type":"SearchAction","target":{"@type":"EntryPoint","urlTemplate":"https:\/\/www.secondastrada.com\/it\/?s={search_term_string}"},"query-input":"required name=search_term_string"}],"inLanguage":"it-IT"},{"@type":"Organization","@id":"https:\/\/www.secondastrada.com\/it\/#organization","name":"Seconda Strada","url":"https:\/\/www.secondastrada.com\/it\/","logo":{"@type":"ImageObject","inLanguage":"it-IT","@id":"https:\/\/www.secondastrada.com\/it\/#\/schema\/logo\/image\/","url":"https:\/\/www.secondastrada.com\/wp-content\/uploads\/2023\/11\/secondastrada-logo.svg","contentUrl":"https:\/\/www.secondastrada.com\/wp-content\/uploads\/2023\/11\/secondastrada-logo.svg","width":353,"height":47,"caption":"Seconda Strada"},"image":{"@id":"https:\/\/www.secondastrada.com\/it\/#\/schema\/logo\/image\/"}}]}},"df_price":"","df_sale_price":"","df_regular_price":"","df_image_link":"https:\/\/www.secondastrada.com\/wp-content\/uploads\/2024\/03\/FR19FPJBETTY9-sr_117_PE23_1-300x300.jpg","_links":{"self":[{"href":"https:\/\/www.secondastrada.com\/it\/wp-json\/wp\/v2\/product\/7916"}],"collection":[{"href":"https:\/\/www.secondastrada.com\/it\/wp-json\/wp\/v2\/product"}],"about":[{"href":"https:\/\/www.secondastrada.com\/it\/wp-json\/wp\/v2\/types\/product"}],"wp:featuredmedia":[{"embeddable":true,"href":"https:\/\/www.secondastrada.com\/it\/wp-json\/wp\/v2\/media\/34616"}],"wp:attachment":[{"href":"https:\/\/www.secondastrada.com\/it\/wp-json\/wp\/v2\/media?parent=7916"}],"wp:term":[{"taxonomy":"ss_brand","embeddable":true,"href":"https:\/\/www.secondastrada.com\/it\/wp-json\/wp\/v2\/ss_brand?post=7916"},{"taxonomy":"ss_promo","embeddable":true,"href":"https:\/\/www.secondastrada.com\/it\/wp-json\/wp\/v2\/ss_promo?post=7916"},{"taxonomy":"ss_season","embeddable":true,"href":"https:\/\/www.secondastrada.com\/it\/wp-json\/wp\/v2\/ss_season?post=7916"},{"taxonomy":"product_cat","embeddable":true,"href":"https:\/\/www.secondastrada.com\/it\/wp-json\/wp\/v2\/product_cat?post=7916"},{"taxonomy":"product_tag","embeddable":true,"href":"https:\/\/www.secondastrada.com\/it\/wp-json\/wp\/v2\/product_tag?post=7916"}],"curies":[{"name":"wp","href":"https:\/\/api.w.org\/{rel}","templated":true}]}}

<p><b>COMPOSIZIONE E VESTIBILITÀ:</b><br />93% cotone 5% poliestere 2% spandex<br />La modella è alta 170 cm e indossa la taglia 40/42. La vestibilità del capo è regolare.<br /><b>CONSIGLI DI STILE:</b><br />Il jeans si sviluppa in total blu denim  e presenta tasche sagomate sul fronte e tasche a toppa sul retro. Ulteriore dettaglio è rappresentato da piccoli glitter argentati o ricamati in versione allover su tutto il capo. La vestibilità è morbida e pratica grazie a bottone ad asola più zip. Il capo è ideale per occasioni casual e per outift di giorno e di sera. Il jeans è una certezza: indossalo per non sbagliare mai.<br />Cod. art. FR19FPJBETTY9 sr<br />Vi ricordiamo che tutti i nostri articoli sono originali.<br /><b>MISURE:</b><br /> Misure taglia 27 US corrispondente alla taglia 40/42: <br />-Vita (da cucitura a cucitura): 35 cm <br />&#8211; Gamba (da cucitura della vita fino al fondo): 82 cm</p>

<p>COMPOSIZIONE E VESTIBILITÀ:93% cotone 5% poliestere 2% spandexLa modella è alta 170 cm e indossa la taglia 40/42. La vestibilità del capo è regolare.CONSIGLI DI STILE:Il jeans si sviluppa in total blu denim e presenta tasche sagomate sul fronte e tasche a toppa sul retro. Ulteriore dettaglio è rappresentato da piccoli glitter argentati o ricamati&#8230;</p>
